+ 5*h. Let m = -49 - h. Let c = -18 + m. What is the greatest common divisor of c and 12?
6
Let r(w) = 8*w - 17. Let u be r(7). Let q = -30 - -95. Suppose -3*b - 2*b = -q. Calculate the highest common factor of u and b.
13
Suppose 354 = 4*g + 11*p - 8*p, 5*g - 454 = 2*p. Calculate the greatest common divisor of g and 27.
9
Suppose -4*o = -3*o - 64. Suppose 19*m = 17*m + 32. What is the greatest common factor of m and o?
16
Let r = -130 - -268. Suppose 4*g - r = g. Let p(q) = 65*q + 4. Let j be p(1). What is the highest common divisor of j and g?
23
Let v = 629 - 521. What is the highest common factor of 162 and v?
54
Let m = -18 + 42. Suppose 0 = 2*j - 2*o - 124, -j - 5*o + 39 + 11 = 0. Calculate the greatest common factor of j and m.
12
Let v = 139 + -79. Suppose 5*u + 0 = v. What is the highest common divisor of u and 4?
4
Let i = 4 - -15. Let b = 29 - i. What is the greatest common divisor of 4 and b?
2
Suppose 15*d = i + 16*d - 39, i - 33 = d. Suppose -3*w - j + 106 = -0*w, -6 = 3*j. Calculate the highest common factor of i and w.
36
Suppose 5*j = f + 1121, -30*j - 1137 = -35*j - 3*f. Calculate the highest common divisor of j and 25.
25
Let y(l) = -l + 1. Let j be y(-1). Suppose j - 20 = -6*f. What is the greatest common divisor of 2 and f?
1
Let x = -1300 - -1513. Calculate the highest common factor of x and 3.
3
Suppose -l + 5*l + c - 388 = 0, -3*l + 5*c + 314 = 0. Let f = -92 + l. Calculate the greatest common factor of f and 18.
6
Let c(g) = g**2 + 3*g - 11*g + 15 - 8 + 18. Let z be c(9). Calculate the highest common divisor of z and 2.
2
Let l(s) be the third derivative of -s**6/120 + s**5/20 + s**4/6 - 7*s**3/6 + 26*s**2. Let x be l(-3). Calculate the greatest common factor of 280 and x.
35
Suppose 5*u + k - 26 = 44, 3*u - 42 = -3*k. Calculate the greatest common factor of 686 and u.
14
Suppose 90 = p - 6*p. Let r be p/5*1*-5. Let c(d) = -14*d - 30. Let x be c(-3). What is the highest common factor of x and r?
6
Let f(m) = 6*m + 1. Let p be f(2). Let j(s) = -3*s - 1. Let h be j(-8). Let g be h + 1 + (-13 - -15). Calculate the highest common divisor of p and g.
13
Suppose 3*f + 2*f = -5. Let o(r) = 26*r**2 + 4*r + 5. Let b be o(f). What is the highest common divisor of 81 and b?
27
Suppose y + 27 = -3*j + 3*y, 0 = -j - 2*y - 1. Let u = 12 + j. Suppose u = -b + 20. Calculate the highest common factor of 3 and b.
3
Suppose 45 + 21 = 3*b. Suppose 0 = 3*c - 8*c + 25. Suppose 0 = -0*t + c*t - 55. Calculate the greatest common divisor of b and t.
11
Suppose 5*u = v + 30, 3*u + 5*v - 24 = 22. Suppose u*g = 3*g + 260. Suppose -g = -3*f - 2*f. Calculate the highest common factor of 13 and f.
13
Let d be 9 + -11 + (0 - -53). Calculate the highest common divisor of d and 30.
3
Let j = 11 - 10. Let x be 125/3 + j/3. Suppose 2*k - 6 = 0, -p - k = -3*p + 25. Calculate the highest common divisor of x and p.
14
Let f(s) = s + 2*s - 10 - 6*s. Let b be f(-5). Let v = 15 - 5. Calculate the greatest common factor of b and v.
5
Let v = -49 + 64. What is the highest common divisor of v and 5?
5
Let n(a) = -39*a**3 + 2*a**2 + 2*a + 1. Let f = -77 + 76. Let d be n(f). Suppose -j = j - 16. What is the greatest common factor of j and d?
8
Suppose -3*h = 18*h - 378. Calculate the highest common factor of 4 and h.
2
Suppose -3*f + 3*j + 188 = 2*j, -260 = -4*f - j. What is the greatest common divisor of 192 and f?
64
Let t = -14 + 14. Suppose 2*o = j + 4*j + 55, -4*o + j + 83 = t. Let q = -141 - -241. Calculate the highest common divisor of q and o.
20
Suppose -76*m + 12 = -75*m. What is the highest common divisor of 12 and m?
12
Let b(d) = 7*d**2 + 10*d - 1. Let l be b(5). Suppose 0 = -2*a - 80 + l. Calculate the greatest common divisor of a and 8.
8
Let z(p) = -p**2 + 6*p - 8. Let a be z(5). Let s be (-38)/(-4)*(-30)/a. Calculate the greatest common factor of s and 38.
19
Suppose 216 = z - 21. Let k = -125 + z. Let f be 390/24 - (-2)/(-8). What is the highest common factor of k and f?
16
Suppose -4771 = 6*u - 4831. What is the greatest common factor of u and 275?
5
Suppose -2*t + 129 = -2*f - 5*t, 64 = -f - 2*t. Suppose n - 3*i + 193 = 0, i = -5*n - 4*i - 865. Let h = f - n. What is the highest common divisor of 28 and h?
28
Let p = 59 - 69. Let w = p + 30. What is the highest common factor of w and 8?
4
Suppose 2*u - 7 = -1. Suppose -t + 2*c + 2 = -3*t, -3*t + 13 = -5*c. Let n = t + u. Calculate the highest common factor of n and 12.
4
Suppose -2*v + 6*v + 139 = 5*i, 5*i - 136 = v. What is the highest common factor of 2 and i?
1
Let s(i) = -6*i**3 + i**2 + 7*i + 44. Let q be s(-4). What is the highest common divisor of q and 52?
52
Let s = 247 + -49. What is the highest common factor of 18 and s?
18
Let k = 855 + -803. Calculate the highest common divisor of k and 36.
4
Suppose 5*j + 2 = -m, 4*m - 10 = m + j. Suppose -m*g - 4*y = 14, 8 + 3 = -2*g - y. Let u be (4/g)/((-2)/3). What is the highest common factor of u and 3?
1
Let j be (-423)/(-1551) - 30596/(-22). What is the greatest common divisor of j and 39?
13
Let s = 3 + 12. Suppose 11*g + 12 = s*g. Suppose -4*y = 1 - 5. What is the greatest common divisor of g and y?
1
Let l(j) = -2*j + 12. Let n be l(6). Suppose 2*d = -n*d + 638. Let q be 5/(25/(-20)) + 33. What is the greatest common factor of d and q?
29
Let x be ((-5)/((-5)/1))/((-3)/(-216)). What is the highest common divisor of 900 and x?
36
Let w = -849 + 1058. What is the highest common divisor of 22 and w?
11
Let g = 12 - 12. Let j be ((g/4)/(-3))/1. Suppose 0 = -j*t - 4*t + 832. Calculate the greatest common divisor of 26 and t.
26
Suppose z + z - 3*i = 75, -2*z + 4*i + 72 = 0. Let y(b) = 23 + b - 23 + b**2. Let u be y(-3). What is the highest common divisor of u and z?
6
Let s be (-81)/(-12)*32/3. Suppose 34*l + 72 = 43*l. Calculate the greatest common divisor of s and l.
8
Suppose 4054 + 914 = 2*v. Calculate the highest common divisor of 108 and v.
108
Suppose 4*u = -2*u + 36. Let y(d) = 3*d**2 - 7*d - 6. Let w be y(u). What is the highest common divisor of w and 15?
15
Let o = 5 + 1. Let b(l) = -l**3 + 4*l**2 + 8*l - 12. Suppose 68 = 9*r + 23. Let x be b(r). What is the greatest common factor of x and o?
3
Suppose -q + 44 = -2*f, 2*q = -0*q + 2*f + 98. Let u be (-10 - -1)/(1/(-15)*1). Calculate the greatest common factor of u and q.
27
Suppose 29 = u + 5*q, 2*u - q - 11 = -2*u. Suppose u*w + r = 16, -3*w - 3*r + 16 = -5. What is the greatest common divisor of w and 3?
3
Let a = 104 + -125. Let c = a + 37. Let y = 16 + 24. Calculate the greatest common factor of c and y.
8
Suppose x = 7*m - 3*m + 838, m - 4*x = -202. Let j = m + 336. What is the highest common factor of 18 and j?
18
Let x(d) = -2*d**2 - 16*d - 12. Let j be x(-4). Let n(k) = 20*k**2 - k - 1. Let f be n(-1). What is the highest common divisor of j and f?
20
Suppose -3*l + 2*d = -114, l + 4*d + 3 - 27 = 0. Suppose -3*n - l = -93. Calculate the highest common divisor of 209 and n.
19
Let v be 88 - -20*5/10. What is the greatest common divisor of 56 and v?
14
Let h be (232/(-6))/((-812)/5481). Let d be (-6)/(-27) + (-259)/(-9). Calculate the highest common factor of h and d.
29
Suppose -3*m = 2*r - 99, -5*r - 3*m + 51 = -210. Suppose -6*g = -9 - 27. What is the highest common divisor of r and g?
6
Let b = -3342 + 6325. What is the highest common divisor of b and 19?
19
Suppose 2*j - 4*u = 150, -3*j = -7*u + 2*u - 222. Calculate the highest common factor of j and 138.
69
Suppose 7*j - 4*j - 240 = 0. Suppose 0 = -9*w + 11*w - j. Calculate the greatest common divisor of 5 and w.
5
Suppose 0 = x - 60 + 64. Let j(a) = 3*a**3 - 4*a - 3*a**2 - 6 - 4*a**3 + 2*a. Let c be j(x). Calculate the greatest common factor of 27 and c.
9
Let c(b) = b + 26. Let l be c(-16). Let j be l/8*(-6 - -10). Suppose 0 = -0*v - j*v + 65. What is the greatest common divisor of v and 13?
13
Let w = 183 + -138. What is the greatest common divisor of 90 and w?
45
Let u(c) = -8*c. Let p = -5 - -9. Let z be u(p). Let j = -26 - z. What is the greatest common factor of 4 and j?
2
Let l = 1654 + 71. Calculate the highest common divisor of 75 and l.
75
Let k(m) = m**3 + 9*m**2 + 2*m + 20. Suppose 2 - 11 = 3*x. Let i = -12 - x. Let v be k(i). What is the highest common divisor of v and 18?
2
Suppose -2*i = -z + 81 + 1